4 (base 16) in base 7?
1511
Convert -11037 (base 8) to base 15.
-1594
Convert -154210 (base 7) to base 12.
-15641
What is 14552 (base 7) in base 15?
1305
Convert -23d (base 15) to base 8.
-774
What is -40a (base 11) in base 7?
-1304
What is 1341 (base 11) in base 8?
3313
-230246 (base 7) to base 10
-40949
What is 112201012 (base 3) in base 8?
24744
-23312 (base 4) to base 8
-1366
1ea (base 15) to base 4
12331
1132 (base 9) to base 6
3515
Convert 3285 (base 10) to base 13.
1659
What is -6bb (base 15) in base 12?
-a72
What is -1122200022 (base 3) in base 11?
-2251a
What is 10011100010 (base 2) in base 11?
a37
Convert -242440 (base 5) to base 13.
-41c7
-12032 (base 5) to base 10
-892
What is 1443300 (base 5) in base 14?
b479
-50191 (base 10) to base 16
-c40f
Convert 1010000010011 (base 2) to base 16.
1413
Convert -148 (base 9) to base 3.
-11122
Convert -11a9 (base 12) to base 5.
-31001
What is -1101000 (base 2) in base 5?
-404
What is 1313210 (base 4) in base 16?
1de4
25501 (base 6) to base 11
2993
What is -151 (base 7) in base 11?
-78
-110001120 (base 3) to base 2
-10001001010110
Convert -32a2 (base 14) to base 9.
-13020
6363 (base 8) to base 15
eb0
34427 (base 9) to base 13
a5a3
-30003 (base 4) to base 15
-366
What is 481 (base 12) in base 5?
10143
52051 (base 6) to base 14
275d
-4c7 (base 13) to base 7
-2306
Convert -12022 (base 3) to base 2.
-10001111
-1011010020 (base 3) to base 14
-83a6
What is -1001001101001000 (base 2) in base 11?
-26367
-36343 (base 7) to base 6
-111411
Convert -38216 (base 9) to base 8.
-62134
What is 3a76 (base 11) in base 9?
7223
What is -15d3 (base 14) in base 12?
-2319
What is 12133122 (base 4) in base 7?
140340
-26371 (base 9) to base 8
-42613
Convert 1425 (base 6) to base 11.
313
Convert -31011 (base 4) to base 2.
-1101000101
1134 (base 11) to base 8
2721
What is 151627 (base 8) in base 2?
1101001110010111
-182 (base 9) to base 15
-a5
What is -236 (base 7) in base 8?
-175
32102313 (base 4) to base 7
332463
Convert -2b03 (base 12) to base 15.
-1763
Convert 132303 (base 4) to base 2.
11110110011
What is -6340 (base 8) in base 4?
-303200
What is -1523 (base 16) in base 10?
-5411
Convert -3563 (base 9) to base 2.
-101001011001
What is 2302311 (base 4) in base 14?
4257
4335 (base 6) to base 5
12440
-4755 (base 8) to base 5
-40131
11964 (base 10) to base 16
2ebc
What is -8b53 (base 12) in base 2?
-11110001101111
Convert 1007 (base 9) to base 7.
2101
-42045 (base 6) to base 4
-1120031
What is -3165 (base 9) in base 4?
-210113
-14cb (base 13) to base 7
-11602
Convert -49a (base 14) to base 13.
-55a
Convert 5615 (base 11) to base 2.
1110011100101
497 (base 12) to base 15
311
Convert -387 (base 10) to base 9.
-470
-3552 (base 9) to base 16
-a4f
Convert af (base 16) to base 7.
340
Convert 1d7b (base 16) to base 14.
2a71
What is 36255 (base 7) in base 13?
4380
What is -422 (base 5) in base 8?
-160
Convert -1100000111 (base 2) to base 3.
-1001201
What is -5216 (base 9) in base 14?
-1570
What is 4b (base 16) in base 13?
5a
What is 433350 (base 6) in base 13?
13392
What is -1100001000011 (base 2) in base 14?
-2399
-19 (base 15) to base 12
-20
-24725 (base 8) to base 10
-10709
35052 (base 7) to base 9
13250
-1a7 (base 13) to base 16
-132
Convert 120311 (base 5) to base 11.
3391
What is -969 (base 16) in base 10?
-2409
Convert ab3 (base 12) to base 3.
2011100
-10101101100 (base 2) to base 7
-4022
Convert 7b8 (base 14) to base 4.
113332
What is -59a2 (base 12) in base 4?
-2131022
What is d7 (base 16) in base 15?
e5
Convert -1084 (base 9) to base 12.
-571
11142 (base 5) to base 13
494
What is 601 (base 13) in base 3?
1101121
What is 523 (base 10) in base 6?
2231
Convert -491a (base 13) to base 16.
-285c
-430 (base 12) to base 14
-31a
What is 184c (base 13) in base 7?
13351
595 (base 14) to base 11
920
What is 515030 (base 6) in base 15?
c369
What is -5755 (base 15) in base 13?
-8585
Convert 1025 (base 11) to base 12.
952
-120121 (base 3) to base 11
-353
What is a4d (base 14) in base 3?
2210011
-23330 (base 4) to base 15
-35e
Convert -bb8 (base 13) to base 11.
-1568
Convert b812 (base 13) to base 4.
12032332
What is 445 (base 7) in base 8?
345
-2022012120 (base 3) to base 10
-45348
-542441 (base 6) to base 16
-ae79
Convert 50de (base 16) to base 11.
14610
Convert 1355 (base 8) to base 9.
1022
What is -1142a (base 12) in base 8?
-55042
-9bce (base 16) to base 6
-504354
Convert -30100331 (base 4) to base 12.
-250a5
Convert 2704 (base 10) to base 6.
20304
-124 (base 16) to base 11
-246
What is -21102212 (base 3) in base 13?
-2612
Convert -101100 (base 2) to base 9.
-48
What is 1095 (base 10) in base 16?
447
What is 3332 (base 5) in base 9?
568
Convert 3214a (base 12) to base 5.
4101431
Convert -1155 (base 8) to base 16.
-26d
Convert -109 (base 16) to base 6.
-1121
Convert -24265 (base 7) to base 3.
-22200001
What is 13552 (base 6) in base 11?
1690
3 (base 16) to base 10
3
Convert 168c (base 14) to base 9.
5483
Convert 246 (base 14) to base 11.
383
What is 3566 (base 14) in base 15?
2b52
-961 (base 10) to base 14
-4c9
Convert 11c4 (base 13) to base 4.
213132
What is 1368 (base 10) in base 12?
960
Convert -23133 (base 5) to base 2.
-11010000100
Convert 362c (base 15) to base 10.
11517
Convert -1101432 (base 6) to base 8.
-153034
-667 (base 12) to base 7
-2515
What is 1001101010100 (base 2) in base 5?
124243
-616 (base 9) to base 4
-13311
-1120010221 (base 3) to base 9
-46127
-22625 (base 7) to base 6
-42505
What is 1867 (base 11) in base 15?
a82
What is -1000011011 (base 2) in base 9?
-658
What is 729 (base 14) in base 5?
21114
What is -1813 (base 10) in base 5?
-24223
Convert -12003 (base 8) to base 11.
-3938
What is -1001001 (base 2) in base 14?
-53
What is 357 (base 15) in base 11?
629
-2151 (base 9) to base 4
-120301
-15334 (base 6) to base 12
-154a
201122102 (base 3) to base 15
439b
Convert -12320 (base 4) to base 12.
-308
Convert 5233 (base 11) to base 8.
15425
-751 (base 8) to base 7
-1266
What is 121222 (base 3) in base 12?
322
Convert -620 (base 8) to base 5.
-3100
Convert 54276 (base 8) to base 15.
6ae8
Convert 13102 (base 7) to base 3.
11202221
What is -2523 (base 6) in base 11?
-520
What is -221331 (base 4) in base 16?
-a7d
Convert -4013411 (base 5) to base 14.
-19274
-1741 (base 16) to base 15
-1b6d
22225 (base 6) to base 4
300221
Convert -11013122 (base 4) to base 5.
-1132304
What is -410 (base 11) in base 5?
-3440
What is 1435 (base 15) in base 7?
15416
What is 83853 (base 9) in base 8?
154113
What is 31 (base 8) in base 6?
41
What is -322201 (base 4) in base 8?
-7241
Convert 1a7 (base 15) to base 10.
382
What is 290d (base 14) in base 7?
30116
-4311 (base 8) to base 15
-9ee
Convert 3778 (base 14) to base 15.
2d25
17642 (base 9) to base 4
2332130
What is -326 (base 14) in base 7?
-1546
19b17 (base 15) to base 6
1442321
What is 12421 (base 6) in base 10?
1885
-25e (base 15) to base 4
-20123
-122002000 (base 3) to base 8
-30237
Convert 20012 (base 4) to base 15.
248
-1cb (base 15) to base 5
-3131
Convert -106 (base 14) to base 12.
-14a
What is 6203 (base 9) in base 3?
20020010
-436 (base 8) to base 2
-100011110
What is 10011 (base 3) in base 14?
61
Convert 2520 (base 7) to base 12.
669
What is -243003 (base 5) in base 9?
-13462
Convert 13e3 (base 15) to base 3.
12211220
-5889 (base 13) to base 7
-51204
Convert 101000 (base 6) to base 9.
11860
What is -100000110011 (base 2) in base 10?
-2099
What is 464 (base 13) in base 14?
3c2
What is -7f6d (base 16) in base 11?
-22566
What is -180 (base 14) in base 4?
-10310
Convert -617 (base 8) to base 5.
-3044
521 (base 16) to base 3
1210122
What is -2f82 (base 16) in base 8?
-27602
What is 3c80 (base 14) in base 15?
3281
What is -485 (base 11) in base 10?
-577
-1240 (base 6) to base 12
-220
What is -51c (base 14) in base 3?
-1101021
Convert 11019 (base 11) to base 14.
5b84
What is 12203 (base 5) in base 13?
565
13 (base 7) to base 8
12
Convert 10111122200 (base 3) to base 13.
2553c
What is 17c (base 13) in base 16?
110
Convert 124bd (base 16) to base 5.
4344231
Convert 90 (base 16) to base 6.
400
Convert 538 (base 15) to base 7.
3302
What is 1111111100 (base 2) in base 14?
52c
Convert -8599 (base 11) to base 5.
-330421
-195d2 (base 14) to base 6
-1213324
What is 6ea (base 16) in ba